{"id":140,"date":"2021-12-30T21:05:35","date_gmt":"2021-12-30T20:05:35","guid":{"rendered":"http:\/\/www.enriquekrause.es\/works\/?page_id=140"},"modified":"2021-12-30T21:06:29","modified_gmt":"2021-12-30T20:06:29","slug":"eventos","status":"publish","type":"page","link":"http:\/\/www.enriquekrause.es\/works\/eventos\/","title":{"rendered":"eventos"},"content":{"rendered":"\n<figure class=\"wp-block-image size-full\"><img loading=\"lazy\" width=\"1024\" height=\"605\" src=\"http:\/\/www.enriquekrause.es\/works\/wp-content\/uploads\/2021\/12\/0eventos.gif\" alt=\"\" class=\"wp-image-141\"\/><\/figure>\n\n\n\n<p>Programaci\u00f3n de conciertos, mesas redondas, recitales, presentaciones, etc. Gesti\u00f3n para su realizaci\u00f3n, elaboraci\u00f3n del material comunicativo y gr\u00e1fico para su difusi\u00f3n. Proyecci\u00f3n anterior y posterior de la comunicaci\u00f3n del evento.<\/p>\n\n\n\n<p>Una idea de un evento nunca se reduce a la temporalidad estricta en que se desarrolla sino que se extiende en dos direcciones. No es f\u00e1cil desplazar a la gente a alg\u00fan lugar concreto hoy d\u00eda, por lo que antes de la acci\u00f3n, la difusi\u00f3n y la creaci\u00f3n de un ambiente propicio y atractivo abierto a la visibilidad desde su desarrollo, puede ser eficaz. El resultado en cuanto a la cantidad de gente a la que ha llegado es hoy m\u00e1s que nunca, completado tambi\u00e9n en un momento posterior al mismo, a trav\u00e9s de canales de difusi\u00f3n de v\u00eddeos, fotos, grabaciones y documentos.<\/p>\n\n\n\n<p>La creaci\u00f3n de una identidad visual y narrativa, es tarea desde un primer momento. Se va desarrollando y, curiosamente, tambi\u00e9n hoy d\u00eda, puede tornarse tarea comunitaria e insospechada, a la hora de compartirse material entre la gente que desea participar o ha participado.<\/p>\n\n\n\n<p>Ya sean presentaciones o representaciones son espacios que permiten tanto el acto de mostrar, como el de poner en di\u00e1logo y suscitar la creaci\u00f3n de una determinada sinergia. As\u00ed como el de crear lugar propicio para el encuentro.<\/p>\n\n\n\n<p>Tambi\u00e9n suelen dar buen resultado los eventos que se multiplican en diversidad de propuestas, tanto dentro de una modalidad peque\u00f1os festivales, como aquellos donde confluyan varias actividades culturales diversas.<\/p>\n","protected":false},"excerpt":{"rendered":"<p>Programaci\u00f3n de conciertos, mesas redondas, recitales, presentaciones, etc. Gesti\u00f3n para su realizaci\u00f3n, elaboraci\u00f3n del material comunicativo y gr\u00e1fico para su difusi\u00f3n. Proyecci\u00f3n anterior y posterior de la comunicaci\u00f3n del evento. Una idea de un evento nunca se reduce a la temporalidad estricta en que se desarrolla sino que se extiende en dos direcciones. No es&hellip; <a class=\"more-link\" href=\"http:\/\/www.enriquekrause.es\/works\/eventos\/\">Seguir leyendo <span class=\"screen-reader-text\">eventos<\/span><\/a><\/p>\n","protected":false},"author":1,"featured_media":145,"parent":0,"menu_order":0,"comment_status":"closed","ping_status":"closed","template":"","meta":[],"uagb_featured_image_src":{"full":["http:\/\/www.enriquekrause.es\/works\/wp-content\/uploads\/2021\/12\/010000000-logo-eventos-y-expos-horiz.png",350,77,false],"thumbnail":["http:\/\/www.enriquekrause.es\/works\/wp-content\/uploads\/2021\/12\/010000000-logo-eventos-y-expos-horiz-150x77.png",150,77,true],"medium":["http:\/\/www.enriquekrause.es\/works\/wp-content\/uploads\/2021\/12\/010000000-logo-eventos-y-expos-horiz-300x66.png",300,66,true],"medium_large":["http:\/\/www.enriquekrause.es\/works\/wp-content\/uploads\/2021\/12\/010000000-logo-eventos-y-expos-horiz.png",350,77,false],"large":["http:\/\/www.enriquekrause.es\/works\/wp-content\/uploads\/2021\/12\/010000000-logo-eventos-y-expos-horiz.png",350,77,false],"1536x1536":["http:\/\/www.enriquekrause.es\/works\/wp-content\/uploads\/2021\/12\/010000000-logo-eventos-y-expos-horiz.png",350,77,false],"2048x2048":["http:\/\/www.enriquekrause.es\/works\/wp-content\/uploads\/2021\/12\/010000000-logo-eventos-y-expos-horiz.png",350,77,false],"post-thumbnail":["http:\/\/www.enriquekrause.es\/works\/wp-content\/uploads\/2021\/12\/010000000-logo-eventos-y-expos-horiz.png",350,77,false]},"uagb_author_info":{"display_name":"ekrauseb","author_link":"http:\/\/www.enriquekrause.es\/works\/author\/ekrauseb\/"},"uagb_comment_info":0,"uagb_excerpt":"Programaci\u00f3n de conciertos, mesas redondas, recitales, presentaciones, etc. Gesti\u00f3n para su realizaci\u00f3n, elaboraci\u00f3n del material comunicativo y gr\u00e1fico para su difusi\u00f3n. Proyecci\u00f3n anterior y posterior de la comunicaci\u00f3n del evento. Una idea de un evento nunca se reduce a la temporalidad estricta en que se desarrolla sino que se extiende en dos direcciones. No es&hellip;&hellip;","_links":{"self":[{"href":"http:\/\/www.enriquekrause.es\/works\/wp-json\/wp\/v2\/pages\/140"}],"collection":[{"href":"http:\/\/www.enriquekrause.es\/works\/wp-json\/wp\/v2\/pages"}],"about":[{"href":"http:\/\/www.enriquekrause.es\/works\/wp-json\/wp\/v2\/types\/page"}],"author":[{"embeddable":true,"href":"http:\/\/www.enriquekrause.es\/works\/wp-json\/wp\/v2\/users\/1"}],"replies":[{"embeddable":true,"href":"http:\/\/www.enriquekrause.es\/works\/wp-json\/wp\/v2\/comments?post=140"}],"version-history":[{"count":2,"href":"http:\/\/www.enriquekrause.es\/works\/wp-json\/wp\/v2\/pages\/140\/revisions"}],"predecessor-version":[{"id":146,"href":"http:\/\/www.enriquekrause.es\/works\/wp-json\/wp\/v2\/pages\/140\/revisions\/146"}],"wp:featuredmedia":[{"embeddable":true,"href":"http:\/\/www.enriquekrause.es\/works\/wp-json\/wp\/v2\/media\/145"}],"wp:attachment":[{"href":"http:\/\/www.enriquekrause.es\/works\/wp-json\/wp\/v2\/media?parent=140"}],"curies":[{"name":"wp","href":"https:\/\/api.w.org\/{rel}","templated":true}]}}

<figure class="wp-block-image size-full"><img loading="lazy" width="1024" height="605" src="http://www.enriquekrause.es/works/wp-content/uploads/2021/12/0eventos.gif" alt="" class="wp-image-141"/></figure>



<p>Programación de conciertos, mesas redondas, recitales, presentaciones, etc. Gestión para su realización, elaboración del material comunicativo y gráfico para su difusión. Proyección anterior y posterior de la comunicación del evento.</p>



<p>Una idea de un evento nunca se reduce a la temporalidad estricta en que se desarrolla sino que se extiende en dos direcciones. No es fácil desplazar a la gente a algún lugar concreto hoy día, por lo que antes de la acción, la difusión y la creación de un ambiente propicio y atractivo abierto a la visibilidad desde su desarrollo, puede ser eficaz. El resultado en cuanto a la cantidad de gente a la que ha llegado es hoy más que nunca, completado también en un momento posterior al mismo, a través de canales de difusión de vídeos, fotos, grabaciones y documentos.</p>



<p>La creación de una identidad visual y narrativa, es tarea desde un primer momento. Se va desarrollando y, curiosamente, también hoy día, puede tornarse tarea comunitaria e insospechada, a la hora de compartirse material entre la gente que desea participar o ha participado.</p>



<p>Ya sean presentaciones o representaciones son espacios que permiten tanto el acto de mostrar, como el de poner en diálogo y suscitar la creación de una determinada sinergia. Así como el de crear lugar propicio para el encuentro.</p>



<p>También suelen dar buen resultado los eventos que se multiplican en diversidad de propuestas, tanto dentro de una modalidad pequeños festivales, como aquellos donde confluyan varias actividades culturales diversas.</p>

<p>Programación de conciertos, mesas redondas, recitales, presentaciones, etc. Gestión para su realización, elaboración del material comunicativo y gráfico para su difusión. Proyección anterior y posterior de la comunicación del evento. Una idea de un evento nunca se reduce a la temporalidad estricta en que se desarrolla sino que se extiende en dos direcciones. No es&hellip; <a class="more-link" href="http://www.enriquekrause.es/works/eventos/">Seguir leyendo <span class="screen-reader-text">eventos</span></a></p>

Programación de conciertos, mesas redondas, recitales, presentaciones, etc. Gestión para su realización, elaboración del material comunicativo y gráfico para su difusión. Proyección anterior y posterior de la comunicación del evento. Una idea de un evento nunca se reduce a la temporalidad estricta en que se desarrolla sino que se extiende en dos direcciones. No es&hellip;&hellip;
